{"id":53,"date":"2017-06-26T10:28:01","date_gmt":"2017-06-26T08:28:01","guid":{"rendered":"http:\/\/aucoeurdenuits.fr\/?page_id=53"},"modified":"2023-12-15T09:52:47","modified_gmt":"2023-12-15T08:52:47","slug":"chambre-hotes-de-charme-nuits-saint-georges-caudalie","status":"publish","type":"page","link":"http:\/\/aucoeurdenuits.fr\/index.php\/chambre-hotes-de-charme-nuits-saint-georges-caudalie\/","title":{"rendered":"Chambre \u00ab\u00a0Caudalie\u00a0\u00bb"},"content":{"rendered":"\n<p class=\"has-text-align-center\">Une caudalie est une unit\u00e9 de mesure qui exprime la dur\u00e9e de la persistance olfactive des ar\u00f4mes du vin lors de la d\u00e9gustation.<\/p>\n\n\n\n<figure class=\"wp-block-gallery has-nested-images columns-default is-cropped wp-block-gallery-1 is-layout-flex wp-block-gallery-is-layout-flex\">\n<figure class=\"wp-block-image size-large\"><img loading=\"lazy\" decoding=\"async\" width=\"1024\" height=\"600\" data-id=\"665\" src=\"http:\/\/aucoeurdenuits.fr\/wp-content\/uploads\/2018\/03\/IMG_Chambre-1024x600.jpg\" alt=\"\" class=\"wp-image-665\" srcset=\"http:\/\/aucoeurdenuits.fr\/wp-content\/uploads\/2018\/03\/IMG_Chambre-1024x600.jpg 1024w, http:\/\/aucoeurdenuits.fr\/wp-content\/uploads\/2018\/03\/IMG_Chambre-300x176.jpg 300w, http:\/\/aucoeurdenuits.fr\/wp-content\/uploads\/2018\/03\/IMG_Chambre-768x450.jpg 768w, http:\/\/aucoeurdenuits.fr\/wp-content\/uploads\/2018\/03\/IMG_Chambre-512x300.jpg 512w\" sizes=\"(max-width: 1024px) 100vw, 1024px\" \/><\/figure>\n\n\n\n<figure class=\"wp-block-image size-large\"><img loading=\"lazy\" decoding=\"async\" width=\"1024\" height=\"683\" data-id=\"881\" src=\"http:\/\/aucoeurdenuits.fr\/wp-content\/uploads\/2019\/09\/Details-Caudalie-1024x683.jpg\" alt=\"\" class=\"wp-image-881\" srcset=\"http:\/\/aucoeurdenuits.fr\/wp-content\/uploads\/2019\/09\/Details-Caudalie-1024x683.jpg 1024w, http:\/\/aucoeurdenuits.fr\/wp-content\/uploads\/2019\/09\/Details-Caudalie-300x200.jpg 300w, http:\/\/aucoeurdenuits.fr\/wp-content\/uploads\/2019\/09\/Details-Caudalie-768x512.jpg 768w, http:\/\/aucoeurdenuits.fr\/wp-content\/uploads\/2019\/09\/Details-Caudalie.jpg 1920w\" sizes=\"(max-width: 1024px) 100vw, 1024px\" \/><\/figure>\n<\/figure>\n\n\n<p style=\"text-align: left;\">Cette chambre climatis\u00e9e agenc\u00e9e pour 2 personnes refl\u00e8te une ambiance cosy et feutr\u00e9e, \u00e0 vous de venir la d\u00e9couvrir ! Dot\u00e9e du confort moderne, la literie se compose d&rsquo;un grand lit Kingsize de 180 mm que l&rsquo;on peux transformer en 2 lits de 90, que nous pouvons r\u00e9unir ou dissocier selon vos d\u00e9sid\u00e9ratas (\u00e0 pr\u00e9ciser lors de la r\u00e9servation), TV \u00e9cran plat, un bureau, un salon, une penderie, une bouilloire et machine \u00e0 caf\u00e9.<\/p>\n<p><img loading=\"lazy\" decoding=\"async\" class=\"aligncenter wp-image-882 \" src=\"http:\/\/aucoeurdenuits.fr\/wp-content\/uploads\/2019\/09\/Details-plateau-Caudalie-1024x683.jpg\" alt=\"\" width=\"293\" height=\"176\" \/><\/p>\n<p style=\"text-align: center;\">La salle de bain ind\u00e9pendante priv\u00e9e avec une grande douche \u00e0 l&rsquo;italienne et le WC s\u00e9par\u00e9.<\/p>\n<p style=\"text-align: center;\">TARIF :<\/p>\n<ul>\n<li>120 euros pour 1 o\u00f9 2 personnes.<\/li>\n<li>petit-d\u00e9jeuner inclus.<\/li>\n<\/ul>\n<p id=\"tw-target-text\" class=\"tw-data-text tw-ta tw-text-small\" dir=\"ltr\" style=\"text-align: center;\" data-placeholder=\"Traduction\"><strong><em><span lang=\"en\">ENGLISH<\/span><\/em><\/strong><\/p>\n<p class=\"tw-data-text tw-ta tw-text-small\" dir=\"ltr\" style=\"text-align: center;\" data-placeholder=\"Traduction\"><strong><em><span lang=\"en\">A Caudalie is a unit of measure that expresses the duration of expression in the mouth of the aromas of the wine.<\/span><\/em><\/strong><\/p>\n<p class=\"tw-data-text tw-ta tw-text-small\" dir=\"ltr\" style=\"text-align: center;\" data-placeholder=\"Traduction\"><strong><em><span lang=\"en\">According to our wish, this room with AirCo arranged for 2 people reflects a cozy and cozy atmosphere, you come to discover it. Equipped with modern comfort, bedding consists of 2 beds of 90 , or a kinksize 180mm, which we can gather or dissociate according to your wishes (to be specified when booking), flat screen TV, a corner office and a relaxation area, a wardrobe, and A kettle and coffee. The private independent bathroom and the separate toilet.<\/span><\/em><\/strong><\/p>\n<p><strong><em>\u00a0 \u00a0 \u00a0 \u00a0 \u00a0 \u00a0 \u00a0 \u00a0 \u00a0 \u00a0 \u00a0 \u00a0 \u00a0 \u00a0 \u00a0 \u00a0 \u00a0 \u00a0 \u00a0 \u00a0 \u00a0 \u00a0 \u00a0 \u00a0 \u00a0 \u00a0 \u00a0 \u00a0 \u00a0 \u00a0 \u00a0 \u00a0 \u00a0RATES<\/em><\/strong><\/p>\n<ul>\n<li><strong><em>\u00a0120 euros.<\/em><\/strong><\/li>\n<li><strong><em>Breakfast is include.<\/em><\/strong><\/li>\n<\/ul>\n\n\n<figure class=\"wp-block-image size-large\"><img loading=\"lazy\" decoding=\"async\" width=\"1024\" height=\"422\" src=\"http:\/\/aucoeurdenuits.fr\/wp-content\/uploads\/2018\/03\/IMG_Salledebainpano-1024x422.jpg\" alt=\"\" class=\"wp-image-666\" srcset=\"http:\/\/aucoeurdenuits.fr\/wp-content\/uploads\/2018\/03\/IMG_Salledebainpano-1024x422.jpg 1024w, http:\/\/aucoeurdenuits.fr\/wp-content\/uploads\/2018\/03\/IMG_Salledebainpano-300x124.jpg 300w, http:\/\/aucoeurdenuits.fr\/wp-content\/uploads\/2018\/03\/IMG_Salledebainpano-768x317.jpg 768w, http:\/\/aucoeurdenuits.fr\/wp-content\/uploads\/2018\/03\/IMG_Salledebainpano-728x300.jpg 728w\" sizes=\"(max-width: 1024px) 100vw, 1024px\" \/><\/figure>\n\n\n\n<h3 class=\"wp-block-heading has-text-align-center\">Chambre d&rsquo;h\u00f4tes de Charme<\/h3>\n\n\n\n<h3 class=\"wp-block-heading has-text-align-center\"><strong>Entre Beaune et Dijon<\/strong><\/h3>\n\n\n\n<h3 class=\"wp-block-heading has-text-align-center\">\u00ab\u00a0<strong>Au c\u0153ur de Nuits\u00a0\u00bb <\/strong><\/h3>\n\n\n\n<h3 class=\"wp-block-heading has-text-align-center\">4, rue Thurot<\/h3>\n\n\n\n<h3 class=\"wp-block-heading has-text-align-center\">21700 Nuits-Saint-Georges<\/h3>\n\n\n\n<h4 class=\"wp-block-heading has-text-align-center\"><strong>Phone: <\/strong>+33 06 87 72 85 76<\/h4>\n\n\n\n<h4 class=\"wp-block-heading has-text-align-center\"><span style=\"color: #ff0000;\"><a style=\"color: #ff0000;\" href=\"mailto:aucoeurdenuits@gmail.com\">aucoeurdenuits@gmail.com<\/a><\/span><\/h4>\n\n\n\n<p class=\"has-text-align-center\">Mode de paiements accept\u00e9s :\u00a0carte de cr\u00e9dit,\u00a0ch\u00e8ques,\u00a0esp\u00e8ces.<\/p>\n","protected":false},"excerpt":{"rendered":"<p>Une caudalie est une unit\u00e9 de mesure qui exprime la dur\u00e9e de la persistance olfactive des ar\u00f4mes du vin lors de la d\u00e9gustation. Cette chambre climatis\u00e9e agenc\u00e9e pour 2 personnes refl\u00e8te une ambiance cosy et feutr\u00e9e, \u00e0 vous de venir la d\u00e9couvrir ! Dot\u00e9e du confort moderne, la literie se compose d&rsquo;un grand lit Kingsize [&hellip;]<\/p>\n","protected":false},"author":1,"featured_media":0,"parent":0,"menu_order":0,"comment_status":"closed","ping_status":"closed","template":"","meta":{"footnotes":""},"_links":{"self":[{"href":"http:\/\/aucoeurdenuits.fr\/index.php\/wp-json\/wp\/v2\/pages\/53"}],"collection":[{"href":"http:\/\/aucoeurdenuits.fr\/index.php\/wp-json\/wp\/v2\/pages"}],"about":[{"href":"http:\/\/aucoeurdenuits.fr\/index.php\/wp-json\/wp\/v2\/types\/page"}],"author":[{"embeddable":true,"href":"http:\/\/aucoeurdenuits.fr\/index.php\/wp-json\/wp\/v2\/users\/1"}],"replies":[{"embeddable":true,"href":"http:\/\/aucoeurdenuits.fr\/index.php\/wp-json\/wp\/v2\/comments?post=53"}],"version-history":[{"count":84,"href":"http:\/\/aucoeurdenuits.fr\/index.php\/wp-json\/wp\/v2\/pages\/53\/revisions"}],"predecessor-version":[{"id":1146,"href":"http:\/\/aucoeurdenuits.fr\/index.php\/wp-json\/wp\/v2\/pages\/53\/revisions\/1146"}],"wp:attachment":[{"href":"http:\/\/aucoeurdenuits.fr\/index.php\/wp-json\/wp\/v2\/media?parent=53"}],"curies":[{"name":"wp","href":"https:\/\/api.w.org\/{rel}","templated":true}]}}