{"id":126,"date":"2017-06-26T12:02:49","date_gmt":"2017-06-26T10:02:49","guid":{"rendered":"http:\/\/aucoeurdenuits.fr\/?page_id=126"},"modified":"2023-12-15T09:54:39","modified_gmt":"2023-12-15T08:54:39","slug":"le-gite-de-charme-chambre-hotes-nuits-saint-georges-nuitonne","status":"publish","type":"page","link":"http:\/\/aucoeurdenuits.fr\/index.php\/le-gite-de-charme-chambre-hotes-nuits-saint-georges-nuitonne\/","title":{"rendered":"Chambre G\u00eete \u00ab\u00a0Nuitonne\u00a0\u00bb"},"content":{"rendered":"<div id=\"attachment_517\" style=\"width: 910px\" class=\"wp-caption aligncenter\"><img loading=\"lazy\" decoding=\"async\" aria-describedby=\"caption-attachment-517\" class=\"wp-image-517 size-large\" src=\"http:\/\/aucoeurdenuits.fr\/wp-content\/uploads\/2017\/06\/Gite_chambre_OKOK-1024x590.jpg\" alt=\"\" width=\"900\" height=\"519\" srcset=\"http:\/\/aucoeurdenuits.fr\/wp-content\/uploads\/2017\/06\/Gite_chambre_OKOK-1024x590.jpg 1024w, http:\/\/aucoeurdenuits.fr\/wp-content\/uploads\/2017\/06\/Gite_chambre_OKOK-300x173.jpg 300w, http:\/\/aucoeurdenuits.fr\/wp-content\/uploads\/2017\/06\/Gite_chambre_OKOK-768x443.jpg 768w, http:\/\/aucoeurdenuits.fr\/wp-content\/uploads\/2017\/06\/Gite_chambre_OKOK-520x300.jpg 520w\" sizes=\"(max-width: 900px) 100vw, 900px\" \/><p id=\"caption-attachment-517\" class=\"wp-caption-text\">Chambre \/ Bedroom \u00ab\u00a0Nuitonne\u00a0\u00bb<\/p><\/div>\n<p style=\"text-align: center;\">Avec un acc\u00e8s ind\u00e9pendant de la maison, cette chambre climatis\u00e9e peut recevoir jusqu&rsquo;\u00e0 4 personnes :<\/p>\n<ul>\n<li style=\"list-style-type: none;\">\n<ul>\n<li style=\"text-align: center;\">la cuisine enti\u00e8rement \u00e9quip\u00e9e avec tout le confort moderne (frigo, lave-linge, lave-vaisselle, cafeti\u00e8re Nespresso, bouilloire, TV, Wi-Fi,&#8230;) permettant une parfaite autonomie. Un coin salon et d&rsquo;une table \u00ab\u00a0bar\u00a0\u00bb pour d\u00e9jeuner \u00e0 l&rsquo;int\u00e9rieur.<\/li>\n<\/ul>\n<\/li>\n<\/ul>\n<ul>\n<li style=\"list-style-type: none;\">\n<ul>\n<li style=\"text-align: center;\">avec\u00a0un canap\u00e9-lit en 140 (norme h\u00f4tellerie) au rez-de-chauss\u00e9, une chambre \u00e0 l&rsquo;\u00e9tage dot\u00e9e d&rsquo;une literie en 160.<\/li>\n<\/ul>\n<\/li>\n<\/ul>\n<ul>\n<li style=\"text-align: center;\"><em><span lang=\"en\">Our cottage with AirCo has an independent access from our house, it can receive up to 4 people: with a sofa bed in 140 (standard hotellerie) on the ground floor, a room on the floor with bedding in 160 (Fridge, washing machine, dishwasher, coffee maker, kettle, TV, Wi-Fi, &#8230;), which allows a perfect autonomy. \u00a0<\/span><\/em><\/li>\n<\/ul>\n<div id=\"attachment_500\" style=\"width: 910px\" class=\"wp-caption aligncenter\"><img loading=\"lazy\" decoding=\"async\" aria-describedby=\"caption-attachment-500\" class=\"wp-image-500 size-large\" src=\"http:\/\/aucoeurdenuits.fr\/wp-content\/uploads\/2017\/08\/IMG_0932-1024x768.jpg\" alt=\"\" width=\"900\" height=\"675\" srcset=\"http:\/\/aucoeurdenuits.fr\/wp-content\/uploads\/2017\/08\/IMG_0932-1024x768.jpg 1024w, http:\/\/aucoeurdenuits.fr\/wp-content\/uploads\/2017\/08\/IMG_0932-300x225.jpg 300w, http:\/\/aucoeurdenuits.fr\/wp-content\/uploads\/2017\/08\/IMG_0932-768x576.jpg 768w, http:\/\/aucoeurdenuits.fr\/wp-content\/uploads\/2017\/08\/IMG_0932-400x300.jpg 400w\" sizes=\"(max-width: 900px) 100vw, 900px\" \/><p id=\"caption-attachment-500\" class=\"wp-caption-text\">Rez de chauss\u00e9e \/ First floor<\/p><\/div>\n<p style=\"text-align: center;\">Un acc\u00e8s direct sur le jardin et un coin repas ext\u00e9rieur jouxtant la cuisine, permettent de profiter au maximum de l&rsquo;ext\u00e9rieur, \u00e0 la belle saison le petit-d\u00e9jeuner est servi sur la terrasse.<\/p>\n<p style=\"text-align: center;\"><span lang=\"en\"><i>Direct access to the garden and an outdoor dining area adjoining the kitchen, make it possible to make the most of the outside,\u00a0during the summer time\u00a0the breakfast will be serve outside.<\/i><\/span><\/p>\n<p dir=\"ltr\" data-placeholder=\"Traduction\"><img loading=\"lazy\" decoding=\"async\" class=\"aligncenter  wp-image-1009\" src=\"http:\/\/aucoeurdenuits.fr\/wp-content\/uploads\/2020\/05\/IMG_1642-768x1024.jpeg\" alt=\"\" width=\"339\" height=\"452\" srcset=\"http:\/\/aucoeurdenuits.fr\/wp-content\/uploads\/2020\/05\/IMG_1642-768x1024.jpeg 768w, http:\/\/aucoeurdenuits.fr\/wp-content\/uploads\/2020\/05\/IMG_1642-225x300.jpeg 225w, http:\/\/aucoeurdenuits.fr\/wp-content\/uploads\/2020\/05\/IMG_1642-1152x1536.jpeg 1152w, http:\/\/aucoeurdenuits.fr\/wp-content\/uploads\/2020\/05\/IMG_1642-1536x2048.jpeg 1536w, http:\/\/aucoeurdenuits.fr\/wp-content\/uploads\/2020\/05\/IMG_1642-scaled.jpeg 1920w\" sizes=\"(max-width: 339px) 100vw, 339px\" \/><\/p>\n<p dir=\"ltr\" style=\"text-align: center;\" data-placeholder=\"Traduction\">TARIF<\/p>\n<ul>\n<li>1 personne : 120 euros.<\/li>\n<li>2 personnes : 120 euros (si utilisation des 2 grands lits +10 euros).<\/li>\n<li>3 personnes : 170 euros.<\/li>\n<li>4 personnes : 195 euros.<\/li>\n<li>petit-d\u00e9jeuner inclus.<\/li>\n<\/ul>\n<p style=\"text-align: center;\"><strong><em>RATES<\/em><\/strong><\/p>\n<ul>\n<li><strong><em>1 person: 120 euros.<\/em><\/strong><\/li>\n<li><strong><em>2 persons: 120 euros\u00a0<\/em><\/strong><\/li>\n<li><strong><em>3 persons: 170 euros.<\/em><\/strong><\/li>\n<li><strong><em> 4 persons: 195 euros.<\/em><\/strong><\/li>\n<li><strong style=\"font-size: inherit;\"><em>breakfast is include.<\/em><\/strong><\/li>\n<\/ul>\n<div id=\"attachment_519\" style=\"width: 910px\" class=\"wp-caption aligncenter\"><img loading=\"lazy\" decoding=\"async\" aria-describedby=\"caption-attachment-519\" class=\"wp-image-519 size-large\" src=\"http:\/\/aucoeurdenuits.fr\/wp-content\/uploads\/2017\/06\/Gite_salledebain_pano_OK-1024x623.jpg\" alt=\"\" width=\"900\" height=\"548\" srcset=\"http:\/\/aucoeurdenuits.fr\/wp-content\/uploads\/2017\/06\/Gite_salledebain_pano_OK-1024x623.jpg 1024w, http:\/\/aucoeurdenuits.fr\/wp-content\/uploads\/2017\/06\/Gite_salledebain_pano_OK-300x183.jpg 300w, http:\/\/aucoeurdenuits.fr\/wp-content\/uploads\/2017\/06\/Gite_salledebain_pano_OK-768x467.jpg 768w, http:\/\/aucoeurdenuits.fr\/wp-content\/uploads\/2017\/06\/Gite_salledebain_pano_OK-493x300.jpg 493w\" sizes=\"(max-width: 900px) 100vw, 900px\" \/><p id=\"caption-attachment-519\" class=\"wp-caption-text\">Salle de bain \/ Bathroom<\/p><\/div>\n<p class=\"tw-data-text tw-ta tw-text-small\" dir=\"ltr\" data-placeholder=\"Traduction\">\u00a0<\/p>\n\n\n<h3 class=\"wp-block-heading has-text-align-center\">Chambre d&rsquo;h\u00f4tes de Charme<\/h3>\n\n\n\n<h3 class=\"wp-block-heading has-text-align-center\"><strong>Entre Beaune et Dijon<\/strong><\/h3>\n\n\n\n<h3 class=\"wp-block-heading has-text-align-center\">\u00ab\u00a0<strong>Au c\u0153ur de Nuits\u00a0\u00bb <\/strong><\/h3>\n\n\n\n<h3 class=\"wp-block-heading has-text-align-center\">4, rue Thurot<\/h3>\n\n\n\n<h3 class=\"wp-block-heading has-text-align-center\">21700 Nuits-Saint-Georges<\/h3>\n\n\n\n<h4 class=\"wp-block-heading has-text-align-center\"><strong>Phone: <\/strong>+33 06 87 72 85 76<\/h4>\n\n\n\n<h4 class=\"wp-block-heading has-text-align-center\"><span style=\"color: #ff0000;\"><a style=\"color: #ff0000;\" href=\"mailto:aucoeurdenuits@gmail.com\">aucoeurdenuits@gmail.com<\/a><\/span><\/h4>\n\n\n\n<p class=\"has-text-align-center\">Mode de paiements accept\u00e9s :\u00a0carte de cr\u00e9dit,\u00a0ch\u00e8ques,\u00a0esp\u00e8ces.<\/p>\n","protected":false},"excerpt":{"rendered":"<p>Avec un acc\u00e8s ind\u00e9pendant de la maison, cette chambre climatis\u00e9e peut recevoir jusqu&rsquo;\u00e0 4 personnes : la cuisine enti\u00e8rement \u00e9quip\u00e9e avec tout le confort moderne (frigo, lave-linge, lave-vaisselle, cafeti\u00e8re Nespresso, bouilloire, TV, Wi-Fi,&#8230;) permettant une parfaite autonomie. Un coin salon et d&rsquo;une table \u00ab\u00a0bar\u00a0\u00bb pour d\u00e9jeuner \u00e0 l&rsquo;int\u00e9rieur. avec\u00a0un canap\u00e9-lit en 140 (norme h\u00f4tellerie) au [&hellip;]<\/p>\n","protected":false},"author":1,"featured_media":0,"parent":0,"menu_order":0,"comment_status":"closed","ping_status":"closed","template":"","meta":{"footnotes":""},"_links":{"self":[{"href":"http:\/\/aucoeurdenuits.fr\/index.php\/wp-json\/wp\/v2\/pages\/126"}],"collection":[{"href":"http:\/\/aucoeurdenuits.fr\/index.php\/wp-json\/wp\/v2\/pages"}],"about":[{"href":"http:\/\/aucoeurdenuits.fr\/index.php\/wp-json\/wp\/v2\/types\/page"}],"author":[{"embeddable":true,"href":"http:\/\/aucoeurdenuits.fr\/index.php\/wp-json\/wp\/v2\/users\/1"}],"replies":[{"embeddable":true,"href":"http:\/\/aucoeurdenuits.fr\/index.php\/wp-json\/wp\/v2\/comments?post=126"}],"version-history":[{"count":61,"href":"http:\/\/aucoeurdenuits.fr\/index.php\/wp-json\/wp\/v2\/pages\/126\/revisions"}],"predecessor-version":[{"id":1148,"href":"http:\/\/aucoeurdenuits.fr\/index.php\/wp-json\/wp\/v2\/pages\/126\/revisions\/1148"}],"wp:attachment":[{"href":"http:\/\/aucoeurdenuits.fr\/index.php\/wp-json\/wp\/v2\/media?parent=126"}],"curies":[{"name":"wp","href":"https:\/\/api.w.org\/{rel}","templated":true}]}}

Chambre Gîte « Nuitonne »

<div id="attachment_517" style="width: 910px" class="wp-caption aligncenter"><img loading="lazy" decoding="async" aria-describedby="caption-attachment-517" class="wp-image-517 size-large" src="http://aucoeurdenuits.fr/wp-content/uploads/2017/06/Gite_chambre_OKOK-1024x590.jpg" alt="" width="900" height="519" srcset="http://aucoeurdenuits.fr/wp-content/uploads/2017/06/Gite_chambre_OKOK-1024x590.jpg 1024w, http://aucoeurdenuits.fr/wp-content/uploads/2017/06/Gite_chambre_OKOK-300x173.jpg 300w, http://aucoeurdenuits.fr/wp-content/uploads/2017/06/Gite_chambre_OKOK-768x443.jpg 768w, http://aucoeurdenuits.fr/wp-content/uploads/2017/06/Gite_chambre_OKOK-520x300.jpg 520w" sizes="(max-width: 900px) 100vw, 900px" /><p id="caption-attachment-517" class="wp-caption-text">Chambre / Bedroom « Nuitonne »</p></div>
<p style="text-align: center;">Avec un accès indépendant de la maison, cette chambre climatisée peut recevoir jusqu&rsquo;à 4 personnes :</p>
<ul>
<li style="list-style-type: none;">
<ul>
<li style="text-align: center;">la cuisine entièrement équipée avec tout le confort moderne (frigo, lave-linge, lave-vaisselle, cafetière Nespresso, bouilloire, TV, Wi-Fi,&#8230;) permettant une parfaite autonomie. Un coin salon et d&rsquo;une table « bar » pour déjeuner à l&rsquo;intérieur.</li>
</ul>
</li>
</ul>
<ul>
<li style="list-style-type: none;">
<ul>
<li style="text-align: center;">avec un canapé-lit en 140 (norme hôtellerie) au rez-de-chaussé, une chambre à l&rsquo;étage dotée d&rsquo;une literie en 160.</li>
</ul>
</li>
</ul>
<ul>
<li style="text-align: center;"><em><span lang="en">Our cottage with AirCo has an independent access from our house, it can receive up to 4 people: with a sofa bed in 140 (standard hotellerie) on the ground floor, a room on the floor with bedding in 160 (Fridge, washing machine, dishwasher, coffee maker, kettle, TV, Wi-Fi, &#8230;), which allows a perfect autonomy.  </span></em></li>
</ul>
<div id="attachment_500" style="width: 910px" class="wp-caption aligncenter"><img loading="lazy" decoding="async" aria-describedby="caption-attachment-500" class="wp-image-500 size-large" src="http://aucoeurdenuits.fr/wp-content/uploads/2017/08/IMG_0932-1024x768.jpg" alt="" width="900" height="675" srcset="http://aucoeurdenuits.fr/wp-content/uploads/2017/08/IMG_0932-1024x768.jpg 1024w, http://aucoeurdenuits.fr/wp-content/uploads/2017/08/IMG_0932-300x225.jpg 300w, http://aucoeurdenuits.fr/wp-content/uploads/2017/08/IMG_0932-768x576.jpg 768w, http://aucoeurdenuits.fr/wp-content/uploads/2017/08/IMG_0932-400x300.jpg 400w" sizes="(max-width: 900px) 100vw, 900px" /><p id="caption-attachment-500" class="wp-caption-text">Rez de chaussée / First floor</p></div>
<p style="text-align: center;">Un accès direct sur le jardin et un coin repas extérieur jouxtant la cuisine, permettent de profiter au maximum de l&rsquo;extérieur, à la belle saison le petit-déjeuner est servi sur la terrasse.</p>
<p style="text-align: center;"><span lang="en"><i>Direct access to the garden and an outdoor dining area adjoining the kitchen, make it possible to make the most of the outside, during the summer time the breakfast will be serve outside.</i></span></p>
<p dir="ltr" data-placeholder="Traduction"><img loading="lazy" decoding="async" class="aligncenter  wp-image-1009" src="http://aucoeurdenuits.fr/wp-content/uploads/2020/05/IMG_1642-768x1024.jpeg" alt="" width="339" height="452" srcset="http://aucoeurdenuits.fr/wp-content/uploads/2020/05/IMG_1642-768x1024.jpeg 768w, http://aucoeurdenuits.fr/wp-content/uploads/2020/05/IMG_1642-225x300.jpeg 225w, http://aucoeurdenuits.fr/wp-content/uploads/2020/05/IMG_1642-1152x1536.jpeg 1152w, http://aucoeurdenuits.fr/wp-content/uploads/2020/05/IMG_1642-1536x2048.jpeg 1536w, http://aucoeurdenuits.fr/wp-content/uploads/2020/05/IMG_1642-scaled.jpeg 1920w" sizes="(max-width: 339px) 100vw, 339px" /></p>
<p dir="ltr" style="text-align: center;" data-placeholder="Traduction">TARIF</p>
<ul>
<li>1 personne : 120 euros.</li>
<li>2 personnes : 120 euros (si utilisation des 2 grands lits +10 euros).</li>
<li>3 personnes : 170 euros.</li>
<li>4 personnes : 195 euros.</li>
<li>petit-déjeuner inclus.</li>
</ul>
<p style="text-align: center;"><strong><em>RATES</em></strong></p>
<ul>
<li><strong><em>1 person: 120 euros.</em></strong></li>
<li><strong><em>2 persons: 120 euros </em></strong></li>
<li><strong><em>3 persons: 170 euros.</em></strong></li>
<li><strong><em> 4 persons: 195 euros.</em></strong></li>
<li><strong style="font-size: inherit;"><em>breakfast is include.</em></strong></li>
</ul>
<div id="attachment_519" style="width: 910px" class="wp-caption aligncenter"><img loading="lazy" decoding="async" aria-describedby="caption-attachment-519" class="wp-image-519 size-large" src="http://aucoeurdenuits.fr/wp-content/uploads/2017/06/Gite_salledebain_pano_OK-1024x623.jpg" alt="" width="900" height="548" srcset="http://aucoeurdenuits.fr/wp-content/uploads/2017/06/Gite_salledebain_pano_OK-1024x623.jpg 1024w, http://aucoeurdenuits.fr/wp-content/uploads/2017/06/Gite_salledebain_pano_OK-300x183.jpg 300w, http://aucoeurdenuits.fr/wp-content/uploads/2017/06/Gite_salledebain_pano_OK-768x467.jpg 768w, http://aucoeurdenuits.fr/wp-content/uploads/2017/06/Gite_salledebain_pano_OK-493x300.jpg 493w" sizes="(max-width: 900px) 100vw, 900px" /><p id="caption-attachment-519" class="wp-caption-text">Salle de bain / Bathroom</p></div>
<p class="tw-data-text tw-ta tw-text-small" dir="ltr" data-placeholder="Traduction"> </p>


<h3 class="wp-block-heading has-text-align-center">Chambre d&rsquo;hôtes de Charme</h3>



<h3 class="wp-block-heading has-text-align-center"><strong>Entre Beaune et Dijon</strong></h3>



<h3 class="wp-block-heading has-text-align-center">« <strong>Au cœur de Nuits » </strong></h3>



<h3 class="wp-block-heading has-text-align-center">4, rue Thurot</h3>



<h3 class="wp-block-heading has-text-align-center">21700 Nuits-Saint-Georges</h3>



<h4 class="wp-block-heading has-text-align-center"><strong>Phone: </strong>+33 06 87 72 85 76</h4>



<h4 class="wp-block-heading has-text-align-center"><span style="color: #ff0000;"><a style="color: #ff0000;" href="mailto:aucoeurdenuits@gmail.com">aucoeurdenuits@gmail.com</a></span></h4>



<p class="has-text-align-center">Mode de paiements acceptés : carte de crédit, chèques, espèces.</p>

<p>Avec un accès indépendant de la maison, cette chambre climatisée peut recevoir jusqu&rsquo;à 4 personnes : la cuisine entièrement équipée avec tout le confort moderne (frigo, lave-linge, lave-vaisselle, cafetière Nespresso, bouilloire, TV, Wi-Fi,&#8230;) permettant une parfaite autonomie. Un coin salon et d&rsquo;une table « bar » pour déjeuner à l&rsquo;intérieur. avec un canapé-lit en 140 (norme hôtellerie) au [&hellip;]</p>
